 Let d be c(12). Suppose 0 = -5*s + d - 8, 5*s = -j + 21. What is the units digit of j?
6
Let z(r) = -2*r + 7. Let f(q) = 2*q - 8. Let c(h) = -3*f(h) - 2*z(h). What is the units digit of c(3)?
4
What is the units digit of (-4)/(-18) + 0 - (-1540)/36?
3
Let l(p) = -p + 3. Let k = -4 + 4. Let y be l(k). What is the units digit of y/15 - (-4)/5?
1
Suppose -2*k = -k - 4*x - 13, -7 = 5*k - 2*x. Let s(v) = -v**3 - 2*v**2 - 1. What is the units digit of s(k)?
8
Let p = 4 + 1. Suppose -2*z + 17 - p = 2*n, -5*z - n + 14 = 0. What is the units digit of z?
2
Let t(a) = -a**3 + 15*a**2 - 8*a - 13. What is the units digit of t(14)?
1
Let b(j) = -2*j**3 - j**2 + 3*j + 1. Let i be b(-2). Suppose a + 3 - i = 0. What is the units digit of a?
4
Let p = 0 + 0. Let x(a) = -6*a - 39. Let w be x(-9). Suppose -53 = -3*d - k - p*k, -w = -d - 3*k. What is the tens digit of d?
1
What is the tens digit of (64/10)/(2/5)?
1
Let n = -37 - -52. Let l be n/10*(0 + -2). What is the units digit of ((-13)/l)/((-8)/(-24))?
3
Suppose -4*a = -0*a - 64. Let v be (4 + -3 - 2)/1. Let o = a - v. What is the tens digit of o?
1
Suppose d - 2*d = 669. What is the units digit of 4/18 + d/(-27)?
5
Let r be 3*1 - 2/1. Let f be (-2)/2 - 2/r. Let l(n) = -n**3 - 3*n**2 - 3*n + 2. What is the tens digit of l(f)?
1
Let u = -44 + 25. Let p = u - -37. Let h = p + -6. What is the tens digit of h?
1
Suppose -385 = 5*s - 1885. What is the units digit of 2/3 + s/36?
9
Let s(m) = 16*m**2. What is the tens digit of s(2)?
6
Let f(q) = -3*q + 4. Let d be f(-2). Suppose 2*z + d - 60 = 0. What is the tens digit of z?
2
Suppose -2*q + 5*c - 16 = 0, 5*c = 4*q - 7*q + 26. Suppose -q*o + 3*d - 9 = 0, -o + 6*o + 5*d - 40 = 0. What is the units digit of o?
3
Let b = -6 - -6. Suppose b = -k + 2*j + 5, -3*k + 5*j = -11 - 2. What is the units digit of k?
1
What is the units digit of 3/9*3*26?
6
Let r = -18 + 6. Let q = -9 - r. What is the units digit of (q + -9)/(2/(-6))?
8
What is the units digit of 56 + -1 - 0/(-5)?
5
Let l = -4 + 10. Suppose l = y + 1. Suppose -2*q = -y*q - 15, -5*q = -5*w + 30. What is the units digit of w?
1
Let s = -14 - -21. Let j = s + 14. What is the units digit of j?
1
What is the units digit of (-3)/((45/123)/(-5))?
1
Let b(z) = -z**3 - 2*z**2 + 3*z - 1. Let i be b(-3). What is the units digit of 1/(-2)*8/i?
4
Suppose 4*r - 4*z - 23 = -7, -4*r = -2*z - 22. Suppose t - 3*n - 14 = -t, t = n + r. What is the units digit of t?
7
Let r(v) = 11*v**2 - v + 1. Let i be r(1). Suppose -i = -2*c + 15. What is the tens digit of c?
1
Let r(j) = j + 8. Let z be r(-6). Suppose -2*s = z*f + s + 7, 3*f + 2*s + 8 = 0. What is the tens digit of f/10 + (-303)/(-15)?
2
Suppose -d - 4*d = -10. Let w(v) = -v**2 - v + 1. Let n be w(d). Let z = -4 - n. What is the units digit of z?
1
Let v = -55 + 110. What is the tens digit of v?
5
Let j = 10 - 36. Let q = j - -46. What is the units digit of q?
0
Let h(q) = -16*q**3 - 2*q**2 - q - 3. What is the tens digit of h(-2)?
1
Suppose 2*t = t + 3*w + 4, 2*t - 4*w - 12 = 0. What is the units digit of (t/15)/((-2)/(-6))?
2
Suppose f - o = 21, -3*f + 8*f - 87 = -o. What is the units digit of f?
8
Let a(g) = -g + 1. What is the units digit of a(-2)?
3
Let g = -8 + 16. Let l(o) = -o**3 - o**2 - 5 - 6*o + g*o**2 + 0*o**3. What is the units digit of l(5)?
5
Suppose -114 - 42 = 3*s. Let c = s + 73. What is the tens digit of c?
2
Let h = -23 + 40. What is the tens digit of h?
1
Let s = -20 - -20. Suppose s = -g - g + 82. What is the units digit of g?
1
Let q(m) = 2*m + 1. Let f(k) = -5*k - 3. Let o(l) = -2*f(l) - 7*q(l). Suppose -2 = -z - 4*v, 2 = -2*z + 2*v - 4*v. What is the units digit of o(z)?
7
Suppose 5*r - 2*r - 51 = 0. What is the tens digit of r?
1
Let d be (2 - -1) + (0 - 0). Let g(z) = d - z + 0*z + 2. What is the tens digit of g(-5)?
1
Let c(z) = -1 - z**2 + 0*z + 4 + 7*z. Suppose -5 = -5*a + 30. What is the units digit of c(a)?
3
Let u be 4 + 0 + 8/4. Let f be (16/u)/((-4)/18). Let d = -4 - f. What is the units digit of d?
8
Let m(x) = -x - 2. What is the units digit of m(-6)?
4
Let i = 1 + 0. Let a = 0 + i. Let q(n) = 8*n**2 + n - 1. What is the units digit of q(a)?
8
Suppose -10 = -5*x + 10. Suppose 0 = x*u - z - 107, 0 = -2*u - 2*z - z + 57. What is the units digit of 2/9 + 75/u?
3
Let z = 3 - 0. Suppose -z*g + 15 = -0*g. What is the units digit of g?
5
Let y = 15 + -2. What is the units digit of y?
3
Let l = 12 - 22. What is the tens digit of ((-88)/11)/(2/l)?
4
Let x = 9 - 4. Let r = 8 + x. What is the units digit of r?
3
Suppose k = -3*c + 128 + 120, -87 = -c + 4*k. What is the units digit of c?
3
Suppose -2*s - 18 = 3*w, s - 2*w - 17 = 4*s. Let c be 6*(-1)/(-2) - s. What is the units digit of c/(-4) + (-14)/(-4)?
2
Let t(s) = 0*s**3 + 4*s**2 - s**3 - 5*s + 2*s**3. Let u be t(-5). Let h = u + 6. What is the units digit of h?
6
Let n = 0 - 2. What is the tens digit of ((-33)/(-2))/(-3)*n?
1
Let m(f) = f**3 + 7*f**2 - 4*f + 4. What is the units digit of m(-7)?
2
Let g be (10/4)/(1/2). Suppose q - w + 6*w + 10 = 0, g*w = 2*q + 20. Let s = q + 18. What is the units digit of s?
8
Let n(h) be the third derivative of h**5/40 - h**4/12 + h**3/6 + 2*h**2. Let q(l) be the first derivative of n(l). What is the units digit of q(4)?
0
Suppose -28 + 6 = 2*o. Suppose -4*b = -69 - 7. Let f = b + o. What is the units digit of f?
8
Let q(x) = 2*x - 7. What is the tens digit of q(9)?
1
Suppose -3*y = -30 - 0. What is the tens digit of y?
1
Let h = 9 - -5. Let c(y) = y**2 - 6*y - 5. Let l be c(7). Suppose k = -4*m + h, m - l = -k - 0. What is the units digit of m?
4
Let v be (-7 - -2)*172/(-10). Suppose -3*q - q - 8 = 0. What is the units digit of v/8 + q/(-8)?
1
Suppose 0 = d + 5*s + 16, -s + 4 = 6. Let c be (-2)/(16/d + 2). Suppose -2*r + 3*v = -4 - 13, -r + c*v = -7. What is the tens digit of r?
1
Suppose 5*a - 2*a = -2*x + 220, 3*x - 4*a = 347. What is the hundreds digit of x?
1
Suppose 0 = -2*r - r + 3, -3*t + r = -74. What is the units digit of t?
5
Let m be 42/30 + 6/10. Suppose -5*a + m = -3. What is the units digit of a?
1
Let q be (-1)/(-6) - 11/(-6). Suppose 4*k + 7 = -4*z - 1, -q*k - 5 = z. Let c(t) = 5*t. What is the units digit of c(z)?
5
Suppose 6 + 4 = 5*f. Suppose -f*d + 24 = 6. What is the units digit of d?
9
Let f = -91 - -55. Let v = f - -50. What is the units digit of v?
4
Let t(z) = -z**3 - 6*z**2 + 6*z + 9. Let m be t(-7). Suppose m + 23 = 3*n. What is the tens digit of n?
1
Suppose 4*r + 13 = 4*p + 5, 1 = -3*r + 2*p. Suppose 0*l + r*x = 4*l + 7, 18 = -l + 4*x. Suppose -3*s + 1 + l = 0. What is the units digit of s?
1
Let r(f) = -f**3 + 9*f**2 - 7*f - 6. Let n be r(8). Suppose -16 = -n*v + 30. Suppose 4*b = o - 0*o + 25, v = 4*b + o. What is the units digit of b?
6
Let t(o) = o + 7. Suppose -4*v + 2*b = -22, 3*v + 0 - 4 = 4*b. What is the tens digit of t(v)?
1
Let x(t) = 35*t + 1. Let n be x(1). Let h be (n/16)/(2/(-8)). What is the units digit of ((-3)/h)/(1/6)?
2
Suppose -z + 3*z - 48 = 0. Suppose -4*q = -2*g + 2 + z, 5*q - 26 = -4*g. What is the units digit of g?
9
Let f = 16 - 11. Suppose y = 3*b + 4, -4*b + 1 = -0*y + f*y. What is the units digit of y?
1
Suppose 2*y + 3 = 1. Let i be -7*(0/(-1) + y). Suppose -5*t + i = -2*h, 1 = 3*t - 4*h + 2*h. What is the units digit of t?
3
Let b be (-16)/2 - (9 - 11). What is the units digit of b*(7/(-2))/7?
3
Let o = 1 + -2. What is the units digit of 26 - (-4 - (o + -2))?
7
Suppose -z = -0*z - 30. Suppose 4*v + z = -v. Let k = v - -15. What is the units digit of k?
9
Suppose 2*j = -3*j + 5. Let p = 3 - j. Suppose 3*x + 5*k - 23 = k, 2*x - p*k - 6 = 0. What is the units digit of x?
5
Let s(h) = h**2 + h + 1. Let b be s(-1). Let d = b - -6. What is the units digit of d?
7
Let o = 12 + -9. Let r be -1*o/(3/(-8)). Suppose 4*j + 6 = -3*f + 1, 3*j = 2*f - r. What is the units digit of f?
1
Let g = 31 - 24. Let n = 24 + g. What is the units digit of n?
1
Suppose -5*f = -3*f - 5*l - 66, l = -2*f + 90. What is the units digit of f?
3
Let k = 30 - 17. What is the tens digit of k?
1
Let p(o) = -19*o**3 + o**2 - 1. Let h be p(-1). Suppose -f + 7 = -h. What is the tens digit of f?
2
Let j be (-10)/(-8) - 2/8. Let a = j + -5. Let f(o) = -3*o + 4. What is the units digit of f(a)?
6
Let k(x) = 2*x - 4. Let r(a) = -a**3 - 4*a